alculate 1 - 2 - 1 - (-13 + 16).
-5
3 + 2 - 0 - (3 + 0)
2
-7 + 3 + (-10 - -10)
-4
What is -1 + 37 + -38 + 5 + -1?
2
Evaluate -1 - 6 - (-14 + 0 - -1).
6
What is the value of -6 - (-5 - 4) - -2?
5
Calculate 4 - (-4 + 14) - -9.
3
Evaluate -5 + 7 + 1 + -8.
-5
What is (-9 + 14 - 4) + 0?
1
What is the value of -13 + 6 + 11 - -3 - 2?
5
What is the value of (2 - -5) + -9 + -2?
-4
Calculate (-7 - 11 - -5) + 7.
-6
What is the value of 7 - (4 + (-5 - -3))?
5
(3 + -12 - -10) + 2 + -4
-1
What is the value of 0 + 0 + (-1 - 2) + 8?
5
What is -7 - (-5 + -1 + 4)?
-5
Calculate 8 + 0 + -5 - 5.
-2
(4 - 1) + (7 - 11)
-1
-1 - (7 + -4 - 1)
-3
What is -1 - (-6 + (-1 - -5))?
1
What is the value of 7 - (9 + 1 + -6)?
3
Calculate 20 + -19 + -4 - (0 - 8).
5
What is the value of -1 + 3 + (12 + -6 - 10)?
-2
Evaluate 3 + (0 - (1 - -3)).
-1
(18 + -4 - 1) + -7
6
What is the value of (1 - 0) + 0 + -1?
0
3 + -3 - 0 - (-5 - -2)
3
-2 - (6 - 6 - 6)
4
What is the value of -3 + -6 + 6 + 0?
-3
Evaluate (-15 - (-10 + -7)) + 4 + 1.
7
What is 3 - (-4 + 2 - -3)?
2
3 - (13 + -5 + 6 + -6)
-5
What is the value of -7 + 5 + (-1 - -2)?
-1
What is the value of (2 - -5 - 11) + 7 + 0?
3
Calculate -7 + (-4 - (-7 + -4)).
0
What is (-3 - (-30 - -12)) + -8?
7
What is 1 + 11 - (-4 + 12) - 3?
1
(-2 - -2) + -1 - -4 - 6
-3
What is 5 + 0 - (-8 + 0 - -8)?
5
Evaluate (9 - 8 - 5) + -1 + 1.
-4
(-1 - -4 - -2 - 10) + 5
0
(-4 - 1 - (3 + -10)) + 5
7
What is the value of (-1 - (-3 + 0 + 10)) + 2?
-6
-13 - -4 - (-35 - -24)
2
Evaluate -5 + (7 - 4) + -2.
-4
What is the value of -7 - -6 - (-2 + 4)?
-3
Evaluate -1 - (7 + (1 - 2)) - 1.
-8
What is the value of -9 + (-1 - 6) + 9?
-7
What is 1 + 2 + -1 + -1 + -2?
-1
Evaluate 9 - (5 - (3 + -2)).
5
What is -2 - 3 - -13 - 12?
-4
Calculate 10 + 2 + -9 + 1.
4
(-12 - -1) + (-154 - -158)
-7
Evaluate (2 + (3 - 3) - 0) + -3.
-1
Calculate 0 - (-1 - -6 - (-2 + 2)).
-5
What is (17 - 9) + -5 + -2?
1
What is the value of -1 + (-4 + 0 - -3) + -3?
-5
Calculate -1 - (-4 + -1 - (-2 + 4)).
6
Evaluate (0 - -7 - 1) + 125 + -126.
5
Evaluate -2 + (-7 - -9 - 3).
-3
What is the value of (6 - 4 - 0) + -3 + 1?
0
Calculate 0 - (-1 - 3) - (2 + -1).
3
6 - 6 - (0 + 3)
-3
Evaluate 8 - 4 - 2 - 5.
-3
What is the value of (3 - (21 + -8)) + 8?
-2
(10 - 10 - (4 - 9)) + 0
5
What is the value of -24 - -26 - (0 - 3)?
5
-49 - -47 - (1 - (-3 - -1))
-5
Evaluate (3 - 9) + 12 + -9.
-3
Calculate -5 + (-3 - (-19 + 5)).
6
What is -4 - (-5 - 0) - 6?
-5
What is -10 - -6 - (-4 + 0 + 1)?
-1
Evaluate (-121 - -118) + (1 - (-7 + 0)).
5
Evaluate -4 - (-7 - (3 - 5)).
1
What is the value of 2 - 6 - (1 - (-2 + 3))?
-4
What is the value of 14 + 3 + -5 + (-7 - -2)?
7
What is 9 + 2 + -3 + -20 + 15?
3
Evaluate -3 + -1 - (-3 - 2).
1
What is (-8 - (2 - 6)) + 5 + -1?
0
Calculate (4 - 0) + (-20 - -20) + -2.
2
Calculate 4 + -5 + 6 + -9.
-4
What is -4 - -7 - (-3 - -1)?
5
Calculate 5 - ((7 + 0 - 0) + 0).
-2
(-17 - -24) + (4 - 15) + -2
-6
What is 1 + -6 + 2 + (-9 - -11)?
-1
-2 + -2 + (-8 - -4) + 9
1
-2 + (1 - (9 - 8))
-2
What is the value of 9 + (-7 + 0 - (2 - 4))?
4
Calculate 4 + 1 - (-7 - -7) - 2.
3
Calculate -3 + 3 + 0 + -4.
-4
Evaluate -7 + (4 - 0 - 5) - 1.
-9
What is the value of 1 + -1 - (-26 - -25)?
1
-13 + 16 + (0 - 3) - 0
0
-10 - -10 - (2 + -2)
0
(-3 + 2 - (8 + -11)) + -2
0
Calculate -5 - (5 - 1 - 5).
-4
0 - (-10 - (-8 + 4) - 0)
6
Evaluate 6 + 7 + -8 - 8.
-3
Evaluate 0 + (-1 - (-6 + -2 + 1)).
6
What is -1 + (7 - (0 - -5))?
1
What is -10 + (3 - (-5 - -3))?
-5
-10 + 15 - (4 + -5)
6
What is the value of 0 - 1 - (2 + 2)?
-5
Calculate -7 + 0 + -12 + 15.
-4
1 - (-10 - -4) - 9
-2
Calculate 8 + -11 + (3 - 0 - 2).
-2
What is the value of 2 + 1 + (-6 - -10) + -5?
2
Calculate 0 - (1 + -6 + (5 - 5)).
5
What is -2 - (-1 - 2 - -1)?
0
5 + (4 - 6 - (1 - 0))
2
-5 + (-5 - -15) - 5
0
Calculate 7 - 2 - (1 - 1).
5
(6 - (-3 - -4)) + (-2 - 0)
3
Evaluate -1 + -1 + (-39 - -31) + 7.
-3
-4 - (-5 + 13 + -3 - 8)
-1
Calculate (-2 - 1) + (0 - -2).
-1
-5 - (-12 + 7) - (1 + 2)
-3
-2 + 2 + -12 + 15 - 6
-3
Calculate 0 + (-1 - (-3 + 2)) + -4.
-4
Calculate 5 + (-1 + 3 - 2).
5
Calculate -8 + (1 - -3) - -5.
1
Evaluate 1 + -2 + 0 - (-16 + 15).
0
Evaluate (2 - (-2 + 12)) + 1.
-7
Evaluate 2 + (-5 + 3 - -3).
3
-5 + 16 + -3 - (1 - -2)
5
Evaluate 1 - (2 + (1 - 5) + 1).
2
Evaluate 1 + -7 + 3 + -1.
-4
What is the value of -4 - (6 + -12) - 1?
1
Evaluate -4 + (19 - 11) - 7.
-3
What is -6 + 4 + -12 + 12?
-2
Evaluate 13 + -10 + 4 + -3.
4
(18 - 18 - (-3 - -8)) + -1
-6
-1 - (3 + 0 - 7)
3
What is the value of (-5 - (0 - 0)) + (55 - 50)?
0
Calculate -6 - (-4 - (3 - 3)).
-2
Evaluate 3 - (-2 + 3 + -2).
4
What is the value of 1 - ((4 - -7) + -8) - -2?
0
Calculate -6 - (-7 - (0 + -3 + 4)).
2
What is the value of 0 + (5 - 2) - 5?
-2
Evaluate 3 + (0 - -1 - 7).
-3
44 + -43 - (0 - -2)
-1
What is the value of -1 + (1 - 3) + 3 - -3?
3
What is the value of -2 + -3 - (5 + -6) - 1?
-5
What is 8 - (22 - (2 + (-3 - -7)))?
-8
Calculate 3 + -2 + -3 + 1 + -4.
-5
What is (0 + -2 - -3 - 0) + 2?
3
What is the value of 1 + 7 + -6 + (1 - 0)?
3
What is -2 + -4 - (9 + -26 + 12)?
-1
What is the value of 0 - (4 - (11 + -2 + -2))?
3
What is the value of -13 - (-16 + (9 - 3))?
-3
Calculate -10 + (3 - -3) + 1 + 1.
-2
-4 + (-3 - -1 - (-23 + 23))
-6
What is the value of -9 - -6 - (-2 + 4 + -9)?
4
Evaluate 6 - 10 - (-17 + 12).
1
What is -5 + 4 - -1 - (2 - -3)?
-5
(3 - 5) + 0 - (-6 + -1)
5
Evaluate (-31 - -34) + 2 + -3.
2
Evaluate -5 - ((1 - 5) + -3) - -1.
3
What is the value of -1 - (5 + (-9 - -8))?
-5
What is -17 + 14 + (2 - 1 - -3)?
1
Evaluate 7 + 10 + -6 + -16.
-5
What is (9 - 6) + 4 + -3 + 1?
5
(1 - 3) + (-9 + 11 - 3)
-3
What is 6 - 4 - 11 - -2?
-7
What is -3 + (-6 - -5) - 0?
-4
Evaluate -12 - -19 - (-2 - -15).
-6
What is -2 - ((-6 - (-3 + 0)) + 4)?
-3
Evaluate 4 - (14 + 4 - 11).
-3
Evaluate 2 + (-3 + -5 - -2).
-4
What is (-1 + -3 - (-15 + 12)) + 6?
5
3 + -2 + (-7 - -5 - 0)
-1
-3 + -8 + 8 + 3 - 3
-3
Evaluate (-14 - 2) + -9 + 18.
-7
Evaluate (-1 - (-3 - 0)) + -155 + 153.
0
(-11 - -10) + (6 - 0) + -2
3
4 - (0 - (4 - (0 - -9)))
-1
What is the value of -3 - 4 - 0 - (7 + -7)?
-7
What is -6 + (6 - 1 - (-7 + 12))?
-6
What is the value of 2 + (9 - (9 + -3)) - 4?
1
What is the value of (-9 - 1) + (0 - -3) - -3?
-4
What is the value of (27 - 9 - 13) + -10?
-5
What is -3 + (-6 - -2) + (7 - 2)?
-2
Evaluate -4 + -3 + 2 + -3 - -5.
-3
Evaluate 3 + -3 + -4 + 7.
3
-1 + -4 + 0 - -2
-3
Calculate -4 + 8 + -7 + 2.
-1
Evaluate -2 + (2 + 3 - (4 - -1)).
-2
What is -5 - (5 + -3 + -2)?
-5
0 + -1 + (4 - 9) + 7
1
What is (1 - (1 - 4)) + (-4 - -1)?
1
Evaluate 31 + -26 + (-8 - 0).
-3
Calculate -2 + 6 - (-3 + 12).
-5
Evaluate (-10 + 11 - (-1 - -1)) + -3.
-2
-4 + 0 + -1 + 6
1
Calculate (1 - -1 - 1) + 4 + -9.
-4
Evaluate -10 + 5 + -1 + 5.
-1
-4 + (-2 + -3 + 9 - 5)
-5
Evaluate (5 - (2 + 1)) + (-10 - 0).
-8
Calculate (9 + 0 - 4) + -1.
4
What is the value of (8 - 2) + -6 + 2?
2
What is the value of (24 - 10) + 3 - (9 - 1)?
9
33 - 26 - (8 + 1)
-2
Evaluate (-13 - -1) + 2 + 4.
-6
What is the value of -6 - (-7 + -5 + 4)?
2
What is the value of -4 - (-1 + 8 - 8)?
-3
What is the value of 30 + -32 + (8 - 0) + -13?
-7
Calculate (5 - -2) + 2 + (43 - 47).
5
Evaluate 0 - (-6 + 2 + -6 + 8).
2
Calculate (-1 - -5) + (-26 - -8) + 3.
-11
Evaluate -7 - (10 + -10 + -13).
6
What is -3 - 0 - (28 + -29)?
-2
What is the value of -30 - -24 - (-4 - 1)?
-1
What is the value of 0 + 0 + 0 + (16 - 13)?
3
3 - (-7 + 7) - -4 - 1
6
Calculate 0 + 0 + (2 - 0) + 1.
3
Calculate 0 + 1 + 1 + (95 - 92).
5
What is the value of 3 + (-2 - 2) + -3?
-4
Calculate 3 - -4 - (2 + 2).
3
What is the value of -2 + -4 + (3 - -3)?
0
What is (19 - 15) + (-2 - (-2 + 9))?
-5
What is 3 - (4 - (1 + 2))?
2
What is -3 + 1 - -8 - -4?
10
What is the value of -3 + (2 - 4) - 1 - -3?
-3
Evaluate 6 + (6 + -4 - 12).
-4
What is the value of 27 + -22 - (0 + 5)?
0
Calculate 1 - ((6 - 12) + (-2 - -5)).
4
Calculate 10 + -15 + 10 + 0.
5
Evaluate -3 - (-1 + 0 + -3 + 2).
-1
-1 + (9 - 6) - 4
-2
What is the value of (-6 - -13) + -6 + 2?
3
Evaluate 10 - (-8 + 2 - -9).
7
Evaluate 4 - (2 - (-4 - -2) - 0).
0
What is -3 + 0 + -4 + 3?
-4
6 + (-4 - 3) + (2 - -1)
2
Evaluate (-7 - -3 - (-1 - 0)) + 4.
1
Calculate -47 + 45 - (-1 + -2 + -1).
2
0 + -4 - (0 - -8 - 9)
-3
Evaluate -213 + 195 - (1 - 13).
-6
What is the value of 4 + 2 + 7 -